Dec 01 06:29:24.968 INFO testing paulkernfeld/ndarray-csv against master#8940af3cea4a9a9deabcaf843b2f8cad9a83fc61 for beta-1.31-5
Dec 01 06:29:24.970 INFO running `"docker" "create" "-v" "/mnt/big/crater/work/local/target-dirs/beta-1.31-5/worker-0/master#8940af3cea4a9a9deabcaf843b2f8cad9a83fc61:/target:rw,Z" "-v" "/mnt/big/crater/work/local/test-source/worker-0/beta-1.31-5/master#8940af3cea4a9a9deabcaf843b2f8cad9a83fc61:/source:ro,Z" "-v" "/mnt/big/crater/work/local/cargo-home:/cargo-home:ro,Z" "-v" "/mnt/big/crater/work/local/rustup-home:/rustup-home:ro,Z" "-e" "USER_ID=1000" "-e" "SOURCE_DIR=/source" "-e" "USER_ID=1000" "-e" "CMD=cargo +8940af3cea4a9a9deabcaf843b2f8cad9a83fc61-alt build --frozen" "-e" "CARGO_TARGET_DIR=/target" "-e" "CARGO_INCREMENTAL=0" "-e" "RUST_BACKTRACE=full" "-e" "RUSTFLAGS=--cap-lints=warn" "-e" "CARGO_HOME=/cargo-home" "-e" "RUSTUP_HOME=/rustup-home" "-m" "1536M" "--network" "none" "crater"`
Dec 01 06:29:25.543 INFO [stdout] 038fd6fcf16bee11471256f844784c6e7181f02b55bd67d7be28d83e1a932567
Dec 01 06:29:25.545 INFO running `"docker" "start" "-a" "038fd6fcf16bee11471256f844784c6e7181f02b55bd67d7be28d83e1a932567"`
Dec 01 06:29:26.878 INFO [stderr] usermod: no changes
Dec 01 06:29:26.965 INFO [stderr]    Compiling libc v0.2.44
Dec 01 06:29:26.965 INFO [stderr]    Compiling matrixmultiply v0.1.15
Dec 01 06:29:26.975 INFO [stderr]    Compiling ndarray v0.12.1
Dec 01 06:29:26.975 INFO [stderr]    Compiling memchr v2.1.1
Dec 01 06:29:26.975 INFO [stderr]    Compiling itertools v0.7.11
Dec 01 06:29:33.879 INFO [stderr]    Compiling csv-core v0.1.4
Dec 01 06:29:35.727 INFO [stderr]    Compiling csv v1.0.2
Dec 01 06:29:46.367 INFO [stderr]    Compiling ndarray-csv v0.3.1 (/source)
Dec 01 06:29:47.018 INFO [stderr]     Finished dev [unoptimized + debuginfo] target(s) in 20.11s
Dec 01 06:29:47.022 INFO [stderr] su: No module specific data is present
Dec 01 06:29:48.615 INFO running `"docker" "inspect" "038fd6fcf16bee11471256f844784c6e7181f02b55bd67d7be28d83e1a932567"`
Dec 01 06:29:48.855 INFO running `"docker" "rm" "-f" "038fd6fcf16bee11471256f844784c6e7181f02b55bd67d7be28d83e1a932567"`
Dec 01 06:29:49.171 INFO [stdout] 038fd6fcf16bee11471256f844784c6e7181f02b55bd67d7be28d83e1a932567
Dec 01 06:29:49.179 INFO running `"docker" "create" "-v" "/mnt/big/crater/work/local/target-dirs/beta-1.31-5/worker-0/master#8940af3cea4a9a9deabcaf843b2f8cad9a83fc61:/target:rw,Z" "-v" "/mnt/big/crater/work/local/test-source/worker-0/beta-1.31-5/master#8940af3cea4a9a9deabcaf843b2f8cad9a83fc61:/source:ro,Z" "-v" "/mnt/big/crater/work/local/cargo-home:/cargo-home:ro,Z" "-v" "/mnt/big/crater/work/local/rustup-home:/rustup-home:ro,Z" "-e" "USER_ID=1000" "-e" "SOURCE_DIR=/source" "-e" "USER_ID=1000" "-e" "CMD=cargo +8940af3cea4a9a9deabcaf843b2f8cad9a83fc61-alt test --frozen --no-run" "-e" "CARGO_TARGET_DIR=/target" "-e" "CARGO_INCREMENTAL=0" "-e" "RUST_BACKTRACE=full" "-e" "RUSTFLAGS=--cap-lints=warn" "-e" "CARGO_HOME=/cargo-home" "-e" "RUSTUP_HOME=/rustup-home" "-m" "1536M" "--network" "none" "crater"`
Dec 01 06:29:49.516 INFO [stdout] 435f3908a23fd6aa6b14be7c26f12a45b16c1422cbce200f051a07ce8b984702
Dec 01 06:29:49.523 INFO running `"docker" "start" "-a" "435f3908a23fd6aa6b14be7c26f12a45b16c1422cbce200f051a07ce8b984702"`
Dec 01 06:29:50.695 INFO [stderr] usermod: no changes
Dec 01 06:29:50.828 INFO [stderr]    Compiling ndarray-csv v0.3.1 (/source)
Dec 01 06:29:54.202 INFO [stderr]     Finished dev [unoptimized + debuginfo] target(s) in 3.47s
Dec 01 06:29:54.206 INFO [stderr] su: No module specific data is present
Dec 01 06:29:55.241 INFO running `"docker" "inspect" "435f3908a23fd6aa6b14be7c26f12a45b16c1422cbce200f051a07ce8b984702"`
Dec 01 06:29:55.483 INFO running `"docker" "rm" "-f" "435f3908a23fd6aa6b14be7c26f12a45b16c1422cbce200f051a07ce8b984702"`
Dec 01 06:29:55.780 INFO [stdout] 435f3908a23fd6aa6b14be7c26f12a45b16c1422cbce200f051a07ce8b984702
Dec 01 06:29:55.787 INFO running `"docker" "create" "-v" "/mnt/big/crater/work/local/target-dirs/beta-1.31-5/worker-0/master#8940af3cea4a9a9deabcaf843b2f8cad9a83fc61:/target:rw,Z" "-v" "/mnt/big/crater/work/local/test-source/worker-0/beta-1.31-5/master#8940af3cea4a9a9deabcaf843b2f8cad9a83fc61:/source:ro,Z" "-v" "/mnt/big/crater/work/local/cargo-home:/cargo-home:ro,Z" "-v" "/mnt/big/crater/work/local/rustup-home:/rustup-home:ro,Z" "-e" "USER_ID=1000" "-e" "SOURCE_DIR=/source" "-e" "USER_ID=1000" "-e" "CMD=cargo +8940af3cea4a9a9deabcaf843b2f8cad9a83fc61-alt test --frozen" "-e" "CARGO_TARGET_DIR=/target" "-e" "CARGO_INCREMENTAL=0" "-e" "RUST_BACKTRACE=full" "-e" "RUSTFLAGS=--cap-lints=warn" "-e" "CARGO_HOME=/cargo-home" "-e" "RUSTUP_HOME=/rustup-home" "-m" "1536M" "--network" "none" "crater"`
Dec 01 06:29:56.135 INFO [stdout] 91c1a2b97b232a745059fd7a14ff246ab72ae8a2a149ba5a833e8ed52d397f99
Dec 01 06:29:56.137 INFO running `"docker" "start" "-a" "91c1a2b97b232a745059fd7a14ff246ab72ae8a2a149ba5a833e8ed52d397f99"`
Dec 01 06:29:56.907 INFO [stderr] usermod: no changes
Dec 01 06:29:56.999 INFO [stderr]     Finished dev [unoptimized + debuginfo] target(s) in 0.06s
Dec 01 06:29:57.010 INFO [stderr]      Running /target/debug/deps/ndarray_csv-c2fa8cac39f4114d
Dec 01 06:29:57.011 INFO [stdout] 
Dec 01 06:29:57.011 INFO [stdout] running 9 tests
Dec 01 06:29:57.017 INFO [stdout] test tests::test_read_float ... ok
Dec 01 06:29:57.017 INFO [stdout] test tests::test_read_csv_error ... ok
Dec 01 06:29:57.017 INFO [stdout] test tests::test_read_too_few_rows ... ok
Dec 01 06:29:57.018 INFO [stdout] test tests::test_write_ok ... ok
Dec 01 06:29:57.018 INFO [stdout] test tests::test_read_too_few_columns ... ok
Dec 01 06:29:57.018 INFO [stdout] test tests::test_read_integer ... ok
Dec 01 06:29:57.018 INFO [stdout] test tests::test_write_err ... ok
Dec 01 06:29:57.018 INFO [stdout] test tests::test_read_too_many_columns ... ok
Dec 01 06:29:57.018 INFO [stdout] test tests::test_read_too_many_rows ... ok
Dec 01 06:29:57.018 INFO [stdout] 
Dec 01 06:29:57.018 INFO [stdout] test result: ok. 9 passed; 0 failed; 0 ignored; 0 measured; 0 filtered out
Dec 01 06:29:57.018 INFO [stdout] 
Dec 01 06:29:57.023 INFO [stderr]    Doc-tests ndarray-csv
Dec 01 06:29:57.799 INFO [stdout] 
Dec 01 06:29:57.799 INFO [stdout] running 1 test
Dec 01 06:30:00.251 INFO [stdout] test src/lib.rs -  (line 3) ... FAILED
Dec 01 06:30:00.251 INFO [stdout] 
Dec 01 06:30:00.251 INFO [stdout] failures:
Dec 01 06:30:00.251 INFO [stdout] 
Dec 01 06:30:00.251 INFO [stdout] ---- src/lib.rs -  (line 3) stdout ----
Dec 01 06:30:00.251 INFO [stdout] thread 'src/lib.rs -  (line 3)' panicked at 'test executable failed:
Dec 01 06:30:00.251 INFO [stdout] 
Dec 01 06:30:00.251 INFO [stdout] Error: Os { code: 30, kind: Other, message: "Read-only file system" }
Dec 01 06:30:00.251 INFO [stdout] 
Dec 01 06:30:00.251 INFO [stdout] ', librustdoc/test.rs:367:17
Dec 01 06:30:00.251 INFO [stdout] stack backtrace:
Dec 01 06:30:00.251 INFO [stdout]    0:     0x7f69be7a190f - std::sys::unix::backtrace::tracing::imp::unwind_backtrace::h3a8b83e1922cbdde
Dec 01 06:30:00.251 INFO [stdout]                                at libstd/sys/unix/backtrace/tracing/gcc_s.rs:49
Dec 01 06:30:00.251 INFO [stdout]    1:     0x7f69be786897 - std::sys_common::backtrace::print::h00d3155a29b4020f
Dec 01 06:30:00.251 INFO [stdout]                                at libstd/sys_common/backtrace.rs:71
Dec 01 06:30:00.251 INFO [stdout]                                at libstd/sys_common/backtrace.rs:59
Dec 01 06:30:00.251 INFO [stdout]    2:     0x7f69be7accef - std::panicking::default_hook::{{closure}}::hd7465c742e79e1bb
Dec 01 06:30:00.251 INFO [stdout]                                at libstd/panicking.rs:211
Dec 01 06:30:00.251 INFO [stdout]    3:     0x7f69be7ac9ee - std::panicking::default_hook::h9e3966f2aa2a6e12
Dec 01 06:30:00.251 INFO [stdout]                                at libstd/panicking.rs:221
Dec 01 06:30:00.251 INFO [stdout]    4:     0x7f69c0937951 - rustc::util::common::panic_hook::h27965632b67fe74e
Dec 01 06:30:00.251 INFO [stdout]    5:     0x7f69be7ad4e6 - std::panicking::rust_panic_with_hook::h587f091ae747d080
Dec 01 06:30:00.251 INFO [stdout]                                at libstd/panicking.rs:480
Dec 01 06:30:00.251 INFO [stdout]    6:     0x7f69be7ad031 - std::panicking::continue_panic_fmt::hb3a4fdede87f43a8
Dec 01 06:30:00.251 INFO [stdout]                                at libstd/panicking.rs:390
Dec 01 06:30:00.251 INFO [stdout]    7:     0x7f69be7acf7e - std::panicking::begin_panic_fmt::h387afc7da9a10555
Dec 01 06:30:00.251 INFO [stdout]                                at libstd/panicking.rs:345
Dec 01 06:30:00.251 INFO [stdout]    8:     0x55669ab67ff8 - <rustdoc::test::Collector as rustdoc::test::Tester>::add_test::{{closure}}::{{closure}}::{{closure}}::h1a7d462b7674a13e
Dec 01 06:30:00.251 INFO [stdout]                                at librustdoc/test.rs:367
Dec 01 06:30:00.251 INFO [stdout]                                at librustdoc/test.rs:596
Dec 01 06:30:00.251 INFO [stdout]    9:     0x55669ab1d1f8 - <scoped_tls::ScopedKey<T>>::set::h9a299037e2efdd79
Dec 01 06:30:00.251 INFO [stdout]                                at /cargo/registry/src/github.com-1ecc6299db9ec823/scoped-tls-0.1.2/src/lib.rs:155
Dec 01 06:30:00.251 INFO [stdout]                                at libsyntax/lib.rs:106
Dec 01 06:30:00.251 INFO [stdout]                                at /cargo/registry/src/github.com-1ecc6299db9ec823/scoped-tls-0.1.2/src/lib.rs:155
Dec 01 06:30:00.251 INFO [stdout]   10:     0x55669a921601 - syntax::with_globals::hc9a23e436a64729f
Dec 01 06:30:00.251 INFO [stdout]                                at libsyntax/lib.rs:105
Dec 01 06:30:00.251 INFO [stdout]   11:     0x55669a9d3dbb - std::panicking::try::do_call::hd95e3a92339aa7c0
Dec 01 06:30:00.251 INFO [stdout]                                at librustdoc/test.rs:593
Dec 01 06:30:00.251 INFO [stdout]                                at libstd/panic.rs:313
Dec 01 06:30:00.251 INFO [stdout]                                at libstd/panicking.rs:310
Dec 01 06:30:00.251 INFO [stdout]   12:     0x7f69be7bacd9 - __rust_maybe_catch_panic
Dec 01 06:30:00.252 INFO [stdout]                                at libpanic_unwind/lib.rs:102
Dec 01 06:30:00.252 INFO [stdout]   13:     0x55669a9f6f49 - rustc_driver::in_named_rustc_thread::h5d5326e5f9843b1f
Dec 01 06:30:00.252 INFO [stdout]                                at libstd/panicking.rs:289
Dec 01 06:30:00.252 INFO [stdout]                                at libstd/panic.rs:392
Dec 01 06:30:00.252 INFO [stdout]                                at librustc_driver/lib.rs:1546
Dec 01 06:30:00.252 INFO [stdout]   14:     0x55669ab35eb0 - <F as alloc::boxed::FnBox<A>>::call_box::h85b70bbf522f8d35
Dec 01 06:30:00.252 INFO [stdout]                                at librustdoc/test.rs:593
Dec 01 06:30:00.252 INFO [stdout]                                at liballoc/boxed.rs:672
Dec 01 06:30:00.252 INFO [stdout]   15:     0x7f69bfe1c022 - <F as alloc::boxed::FnBox<A>>::call_box::h37f4bb882553d58c
Dec 01 06:30:00.252 INFO [stdout]                                at libtest/lib.rs:1461
Dec 01 06:30:00.252 INFO [stdout]                                at liballoc/boxed.rs:672
Dec 01 06:30:00.252 INFO [stdout]   16:     0x7f69be7bacd9 - __rust_maybe_catch_panic
Dec 01 06:30:00.252 INFO [stdout]                                at libpanic_unwind/lib.rs:102
Dec 01 06:30:00.252 INFO [stdout]   17:     0x7f69bfe44462 - std::sys_common::backtrace::__rust_begin_short_backtrace::hb8f0d0309526c184
Dec 01 06:30:00.252 INFO [stdout]                                at libstd/panicking.rs:289
Dec 01 06:30:00.252 INFO [stdout]                                at libstd/panic.rs:392
Dec 01 06:30:00.252 INFO [stdout]                                at libtest/lib.rs:1423
Dec 01 06:30:00.252 INFO [stdout]                                at libstd/sys_common/backtrace.rs:136
Dec 01 06:30:00.252 INFO [stdout]   18:     0x7f69bfe45204 - std::panicking::try::do_call::hc2f7c8b9a348d8db
Dec 01 06:30:00.252 INFO [stdout]                                at libstd/thread/mod.rs:409
Dec 01 06:30:00.252 INFO [stdout]                                at libstd/panic.rs:313
Dec 01 06:30:00.252 INFO [stdout]                                at libstd/panicking.rs:310
Dec 01 06:30:00.252 INFO [stdout]   19:     0x7f69be7bacd9 - __rust_maybe_catch_panic
Dec 01 06:30:00.252 INFO [stdout]                                at libpanic_unwind/lib.rs:102
Dec 01 06:30:00.252 INFO [stdout]   20:     0x7f69bfe2d94c - <F as alloc::boxed::FnBox<A>>::call_box::h6bfded618e480b32
Dec 01 06:30:00.252 INFO [stdout]                                at libstd/panicking.rs:289
Dec 01 06:30:00.252 INFO [stdout]                                at libstd/panic.rs:392
Dec 01 06:30:00.252 INFO [stdout]                                at libstd/thread/mod.rs:408
Dec 01 06:30:00.252 INFO [stdout]                                at liballoc/boxed.rs:672
Dec 01 06:30:00.252 INFO [stdout]   21:     0x7f69be7a7c9d - std::sys_common::thread::start_thread::h4c28257d67cdf9cb
Dec 01 06:30:00.252 INFO [stdout]                                at liballoc/boxed.rs:682
Dec 01 06:30:00.252 INFO [stdout]                                at libstd/sys_common/thread.rs:24
Dec 01 06:30:00.252 INFO [stdout]   22:     0x7f69be77d4d5 - std::sys::unix::thread::Thread::new::thread_start::hfecb2e7eff8fd34f
Dec 01 06:30:00.252 INFO [stdout]                                at libstd/sys/unix/thread.rs:90
Dec 01 06:30:00.252 INFO [stdout]   23:     0x7f69be3096b9 - start_thread
Dec 01 06:30:00.252 INFO [stdout]   24:     0x7f69bde2941c - clone
Dec 01 06:30:00.252 INFO [stdout]   25:                0x0 - <unknown>
Dec 01 06:30:00.252 INFO [stdout] query stack during panic:
Dec 01 06:30:00.252 INFO [stdout] end of query stack
Dec 01 06:30:00.252 INFO [stdout] 
Dec 01 06:30:00.252 INFO [stdout] 
Dec 01 06:30:00.252 INFO [stdout] failures:
Dec 01 06:30:00.252 INFO [stdout]     src/lib.rs -  (line 3)
Dec 01 06:30:00.252 INFO [stdout] 
Dec 01 06:30:00.252 INFO [stdout] test result: FAILED. 0 passed; 1 failed; 0 ignored; 0 measured; 0 filtered out
Dec 01 06:30:00.252 INFO [stdout] 
Dec 01 06:30:00.263 INFO [stderr] error: test failed, to rerun pass '--doc'
Dec 01 06:30:00.263 INFO [stderr] su: No module specific data is present
Dec 01 06:30:01.185 INFO running `"docker" "inspect" "91c1a2b97b232a745059fd7a14ff246ab72ae8a2a149ba5a833e8ed52d397f99"`
Dec 01 06:30:01.417 INFO running `"docker" "rm" "-f" "91c1a2b97b232a745059fd7a14ff246ab72ae8a2a149ba5a833e8ed52d397f99"`
Dec 01 06:30:01.670 INFO [stdout] 91c1a2b97b232a745059fd7a14ff246ab72ae8a2a149ba5a833e8ed52d397f99
